{"id":65,"date":"2012-11-02T16:49:44","date_gmt":"2012-11-02T14:49:44","guid":{"rendered":"http:\/\/bien-statik.com\/wordpress\/?page_id=65"},"modified":"2018-07-17T12:35:16","modified_gmt":"2018-07-17T10:35:16","slug":"geschafts-und-industriebauten-projekte","status":"publish","type":"page","link":"https:\/\/bien-statik.com\/wordpress\/?page_id=65","title":{"rendered":"Gesch\u00e4ftsbauten"},"content":{"rendered":"<h2>Erweiterung und Neubau des CC Buchners Verlag in Bamberg<\/h2>\n<p style=\"text-align: left;\"><strong>Auftraggeber:<\/strong><\/p>\n<p style=\"text-align: left;\">CC Buchners Verlag<\/p>\n<p style=\"text-align: left;\"><strong>Beaftragte Leistung nach HOAI:<\/strong><\/p>\n<p style=\"text-align: left;\">Tragwerksplanung Leistungsphase 1-6 und 8<\/p>\n<p style=\"text-align: left;\"><strong>Kurzbeschreibung:<\/strong><\/p>\n<p style=\"text-align: left;\">Aufstockung des bestehenden Verlagsgeb\u00e4udes und Neubau eines B\u00fcrotraktes sowie Hochregallager.<\/p>\n<p style=\"text-align: left;\">Fertigstellung 2012<\/p>\n<pre> <img loading=\"lazy\" class=\"alignleft size-medium wp-image-357\" src=\"https:\/\/bien-statik.com\/wordpress\/wp-content\/uploads\/2018\/07\/IMG_2215-Custom.jpg\" alt=\"\" width=\"270\" height=\"180\" \/><img loading=\"lazy\" class=\"alignleft size-medium wp-image-358\" src=\"https:\/\/bien-statik.com\/wordpress\/wp-content\/uploads\/2018\/07\/IMG_2213-Custom.jpg\" alt=\"\" width=\"270\" height=\"180\" \/> <img loading=\"lazy\" class=\"alignleft size-medium wp-image-359\" src=\"https:\/\/bien-statik.com\/wordpress\/wp-content\/uploads\/2018\/07\/IMG_2211-Custom.jpg\" alt=\"\" width=\"270\" height=\"180\" \/>\r\n\r\n\r\n\r\n\r\n\r\n\r\n\r\n\r\n\r\n<img loading=\"lazy\" class=\"alignleft size-full wp-image-356\" src=\"https:\/\/bien-statik.com\/wordpress\/wp-content\/uploads\/2018\/07\/IMG_2212-Custom.jpg\" alt=\"\" width=\"270\" height=\"180\" \/><\/pre>\n<pre><\/pre>\n<pre><\/pre>\n<pre><\/pre>\n<pre><\/pre>\n<pre>\r\n\r\n\r\n\r\n\r\n\r\n\r\n\r\n\r\n\r\n\r\n\r\n\r\n\r\n\r\n\r\n\r\n\r\n<\/pre>\n<pre><\/pre>\n<h2>Neubau eines Verwaltungsgeb\u00e4udes<\/h2>\n<p style=\"text-align: left;\"><strong>Auftraggeber:<\/strong><\/p>\n<p style=\"text-align: left;\">Firm NICI AG<\/p>\n<p style=\"text-align: left;\"><strong>Beaftragte Leistung nach HOAI:<\/strong><\/p>\n<p style=\"text-align: left;\">Tragwerksplanung Leistungsphase 1-6 und 8<\/p>\n<p style=\"text-align: left;\"><strong>Kurzbeschreibung:<\/strong><\/p>\n<p style=\"text-align: left;\">Neubau eines Verwaltungsgeb\u00e4udes f\u00fcr die Firma Nici AG in Altenkunstadt.<\/p>\n<p style=\"text-align: left;\">Fertigstellung 2008<\/p>\n<p><img loading=\"lazy\" class=\"alignleft size-full wp-image-847\" src=\"https:\/\/bien-statik.com\/wordpress\/wp-content\/uploads\/2018\/07\/DSC02332-Custom.jpg\" alt=\"\" width=\"240\" height=\"180\" \/><img loading=\"lazy\" class=\"alignleft size-full wp-image-848\" src=\"https:\/\/bien-statik.com\/wordpress\/wp-content\/uploads\/2018\/07\/DSC02333-Custom.jpg\" alt=\"\" width=\"240\" height=\"180\" \/><img loading=\"lazy\" class=\"alignleft size-full wp-image-849\" src=\"https:\/\/bien-statik.com\/wordpress\/wp-content\/uploads\/2018\/07\/DSC02330-Custom.jpg\" alt=\"\" width=\"240\" height=\"180\" \/><img loading=\"lazy\" class=\"alignleft size-full wp-image-850\" src=\"https:\/\/bien-statik.com\/wordpress\/wp-content\/uploads\/2018\/07\/DSC02344-Custom.jpg\" alt=\"\" width=\"240\" height=\"180\" \/> <img loading=\"lazy\" class=\"alignleft size-medium wp-image-851\" src=\"https:\/\/bien-statik.com\/wordpress\/wp-content\/uploads\/2018\/07\/DSC02345-Custom.jpg\" alt=\"\" width=\"240\" height=\"180\" \/> <img loading=\"lazy\" class=\"alignleft size-medium wp-image-852\" src=\"https:\/\/bien-statik.com\/wordpress\/wp-content\/uploads\/2018\/07\/DSC02346-Custom.jpg\" alt=\"\" width=\"240\" height=\"180\" \/> <img loading=\"lazy\" class=\"alignleft size-medium wp-image-853\" src=\"https:\/\/bien-statik.com\/wordpress\/wp-content\/uploads\/2018\/07\/DSC02347-Custom.jpg\" alt=\"\" width=\"240\" height=\"180\" \/> <img loading=\"lazy\" class=\"alignleft size-medium wp-image-854\" src=\"https:\/\/bien-statik.com\/wordpress\/wp-content\/uploads\/2018\/07\/DSC02348-Custom.jpg\" alt=\"\" width=\"240\" height=\"180\" \/> <img loading=\"lazy\" class=\"alignleft size-medium wp-image-855\" src=\"https:\/\/bien-statik.com\/wordpress\/wp-content\/uploads\/2018\/07\/DSC02349-Custom.jpg\" alt=\"\" width=\"240\" height=\"180\" \/> <img loading=\"lazy\" class=\"alignleft size-medium wp-image-856\" src=\"https:\/\/bien-statik.com\/wordpress\/wp-content\/uploads\/2018\/07\/DSC02350-Custom.jpg\" alt=\"\" width=\"240\" height=\"180\" \/><\/p>\n<pre><img loading=\"lazy\" class=\"alignleft size-full wp-image-372\" src=\"https:\/\/bien-statik.com\/wordpress\/wp-content\/uploads\/2018\/07\/IMG_1660-Custom.jpg\" alt=\"\" width=\"270\" height=\"180\" \/><img loading=\"lazy\" class=\"alignleft size-medium wp-image-373\" src=\"https:\/\/bien-statik.com\/wordpress\/wp-content\/uploads\/2018\/07\/IMG_1658-Custom.jpg\" alt=\"\" width=\"270\" height=\"180\" \/>\r\n\r\n\r\n\r\n\r\n\r\n\r\n\r\n\r\n\r\n\r\n\r\n\r\n\r\n\r\n<\/pre>\n<pre><\/pre>\n<pre><\/pre>\n<pre><\/pre>\n<pre><\/pre>\n<pre>\r\n\r\n\r\n\r\n\r\n\r\n\r\n\r\n\r\n\r\n\r\n\r\n\r\n\r\n\r\n\r\n\r\n\r\n\r\n\r\n\r\n\r\n\r\n\r\n\r\n\r\n\r\n\r\n\r\n\r\n\r\n\r\n\r\n\r\n\r\n\r\n<\/pre>\n<pre style=\"text-align: left;\"><\/pre>\n<h2 style=\"text-align: left;\">Stadtb\u00fccherei Bamberg<\/h2>\n<p style=\"text-align: left;\"><strong>Auftraggeber:<\/strong><\/p>\n<p style=\"text-align: left;\">Erzbisch\u00f6fliches Ordinariat Bamberg<\/p>\n<p style=\"text-align: left;\"><strong>Beaftragte Leistung nach HOAI:<\/strong><\/p>\n<p style=\"text-align: left;\">Tragwerksplanung Leistungsphase 1-6 und 8<\/p>\n<p style=\"text-align: left;\"><strong>Kurzbeschreibung:<\/strong><\/p>\n<p style=\"text-align: left;\">Das ehemalige Hotel Deutsches Haus, welches als Einzeldenkmal eingetragen ist, liegt an der Unteren K\u00f6nigstra\u00dfe in Bamberg und wurde komplett entkernt, wobei der Dachstuhl unber\u00fchrt blieb und als Stadtb\u00fccherei um gebaut.<\/p>\n<p style=\"text-align: left;\">Im r\u00fcckw\u00e4rtigen Hof wurden zwei Neubauten mit Tiefgarage errichtet.<\/p>\n<p style=\"text-align: left;\">Fertigstellung 2002.<\/p>\n<p>&nbsp;<\/p>\n<p><img loading=\"lazy\" class=\"alignleft size-full wp-image-794\" src=\"https:\/\/bien-statik.com\/wordpress\/wp-content\/uploads\/2018\/07\/Bamberg_Obere_K\u00f6nigstra\u00dfe_6-20161230-001-Custom.jpg\" alt=\"\" width=\"269\" height=\"180\" \/> <img loading=\"lazy\" class=\"alignleft size-medium wp-image-795\" src=\"https:\/\/bien-statik.com\/wordpress\/wp-content\/uploads\/2018\/07\/DSC01824-Custom.jpg\" alt=\"\" width=\"240\" height=\"180\" \/> <img loading=\"lazy\" class=\"alignleft size-medium wp-image-796\" src=\"https:\/\/bien-statik.com\/wordpress\/wp-content\/uploads\/2018\/07\/DSC01825-Custom.jpg\" alt=\"\" width=\"240\" height=\"180\" \/> <img loading=\"lazy\" class=\"alignleft size-medium wp-image-797\" src=\"https:\/\/bien-statik.com\/wordpress\/wp-content\/uploads\/2018\/07\/DSC01826-Custom.jpg\" alt=\"\" width=\"240\" height=\"180\" \/> <img loading=\"lazy\" class=\"alignleft size-medium wp-image-798\" src=\"https:\/\/bien-statik.com\/wordpress\/wp-content\/uploads\/2018\/07\/DSC01828-Custom.jpg\" alt=\"\" width=\"240\" height=\"180\" \/> <img loading=\"lazy\" class=\"alignleft size-medium wp-image-799\" src=\"https:\/\/bien-statik.com\/wordpress\/wp-content\/uploads\/2018\/07\/DSC01830-Custom.jpg\" alt=\"\" width=\"240\" height=\"180\" \/> <img loading=\"lazy\" class=\"alignleft size-medium wp-image-800\" src=\"https:\/\/bien-statik.com\/wordpress\/wp-content\/uploads\/2018\/07\/DSC01831-Custom.jpg\" alt=\"\" width=\"240\" height=\"180\" \/> <img loading=\"lazy\" class=\"alignleft size-medium wp-image-801\" src=\"https:\/\/bien-statik.com\/wordpress\/wp-content\/uploads\/2018\/07\/DSC01832-Custom.jpg\" alt=\"\" width=\"240\" height=\"180\" \/> <img loading=\"lazy\" class=\"alignleft size-medium wp-image-802\" src=\"https:\/\/bien-statik.com\/wordpress\/wp-content\/uploads\/2018\/07\/DSC01833-Custom.jpg\" alt=\"\" width=\"240\" height=\"180\" \/> <img loading=\"lazy\" class=\"alignleft size-medium wp-image-803\" src=\"https:\/\/bien-statik.com\/wordpress\/wp-content\/uploads\/2018\/07\/DSC01834-Custom.jpg\" alt=\"\" width=\"240\" height=\"180\" \/> <img loading=\"lazy\" class=\"alignleft size-medium wp-image-804\" src=\"https:\/\/bien-statik.com\/wordpress\/wp-content\/uploads\/2018\/07\/DSC01835-Custom.jpg\" alt=\"\" width=\"240\" height=\"180\" \/> <img loading=\"lazy\" class=\"alignleft size-medium wp-image-806\" src=\"https:\/\/bien-statik.com\/wordpress\/wp-content\/uploads\/2018\/07\/DSC01837-Custom.jpg\" alt=\"\" width=\"240\" height=\"180\" \/> <img loading=\"lazy\" class=\"alignleft size-medium wp-image-808\" src=\"https:\/\/bien-statik.com\/wordpress\/wp-content\/uploads\/2018\/07\/DSC01839-Custom.jpg\" alt=\"\" width=\"240\" height=\"180\" \/> <img loading=\"lazy\" class=\"alignleft size-medium wp-image-809\" src=\"https:\/\/bien-statik.com\/wordpress\/wp-content\/uploads\/2018\/07\/DSC01840-Custom.jpg\" alt=\"\" width=\"240\" height=\"180\" \/> <img loading=\"lazy\" class=\"alignleft size-medium wp-image-810\" src=\"https:\/\/bien-statik.com\/wordpress\/wp-content\/uploads\/2018\/07\/DSC01841-Custom.jpg\" alt=\"\" width=\"240\" height=\"180\" \/> <img loading=\"lazy\" class=\"alignleft size-medium wp-image-811\" src=\"https:\/\/bien-statik.com\/wordpress\/wp-content\/uploads\/2018\/07\/DSC01842-Custom.jpg\" alt=\"\" width=\"240\" height=\"180\" \/> <img loading=\"lazy\" class=\"alignleft size-medium wp-image-812\" src=\"https:\/\/bien-statik.com\/wordpress\/wp-content\/uploads\/2018\/07\/DSC01843-Custom.jpg\" alt=\"\" width=\"240\" height=\"180\" \/> <img loading=\"lazy\" class=\"alignleft size-medium wp-image-813\" src=\"https:\/\/bien-statik.com\/wordpress\/wp-content\/uploads\/2018\/07\/DSC01844-Custom.jpg\" alt=\"\" width=\"240\" height=\"180\" \/> <img loading=\"lazy\" class=\"alignleft size-medium wp-image-814\" src=\"https:\/\/bien-statik.com\/wordpress\/wp-content\/uploads\/2018\/07\/DSC01845-Custom.jpg\" alt=\"\" width=\"240\" height=\"180\" \/> <img loading=\"lazy\" class=\"alignleft size-medium wp-image-815\" src=\"https:\/\/bien-statik.com\/wordpress\/wp-content\/uploads\/2018\/07\/DSC01846-Custom.jpg\" alt=\"\" width=\"240\" height=\"180\" \/><\/p>\n<pre><\/pre>\n<pre><\/pre>\n<pre><\/pre>\n<pre><\/pre>\n<p>&nbsp;<\/p>\n<p>&nbsp;<\/p>\n<p>&nbsp;<\/p>\n<p>&nbsp;<\/p>\n<pre style=\"text-align: left;\">\r\n\r\n\r\n\r\n\r\n\r\n\r\n\r\n\r\n\r\n\r\n\r\n\r\n\r\n\r\n\r\n\r\n\r\n\r\n\r\n\r\n\r\n\r\n\r\n\r\n\r\n\r\n\r\n\r\n\r\n\r\n\r\n\r\n\r\n\r\n\r\n\r\n\r\n\r\n\r\n\r\n\r\n\r\n\r\n\r\n\r\n\r\n\r\n\r\n\r\n\r\n\r\n\r\n\r\n\r\n\r\n\r\n\r\n\r\n\r\n\r\n\r\n\r\n\r\n\r\n\r\n\r\n\r\n\r\n\r\n\r\n\r\n\r\n\r\n\r\n\r\n\r\n\r\n\r\n\r\n<\/pre>\n","protected":false},"excerpt":{"rendered":"<p>Erweiterung und Neubau des CC Buchners Verlag in Bamberg Auftraggeber: CC Buchners Verlag Beaftragte Leistung nach HOAI: Tragwerksplanung Leistungsphase 1-6 und 8 Kurzbeschreibung: Aufstockung des bestehenden Verlagsgeb\u00e4udes und Neubau eines B\u00fcrotraktes sowie Hochregallager. Fertigstellung 2012 Neubau eines Verwaltungsgeb\u00e4udes Auftraggeber: Firm NICI AG Beaftragte Leistung nach HOAI: Tragwerksplanung Leistungsphase 1-6 und 8 Kurzbeschreibung: Neubau eines Verwaltungsgeb\u00e4udes [&hellip;]<\/p>\n","protected":false},"author":1,"featured_media":0,"parent":0,"menu_order":0,"comment_status":"open","ping_status":"open","template":"page-proj-w-pics.php","meta":[],"_links":{"self":[{"href":"https:\/\/bien-statik.com\/wordpress\/index.php?rest_route=\/wp\/v2\/pages\/65"}],"collection":[{"href":"https:\/\/bien-statik.com\/wordpress\/index.php?rest_route=\/wp\/v2\/pages"}],"about":[{"href":"https:\/\/bien-statik.com\/wordpress\/index.php?rest_route=\/wp\/v2\/types\/page"}],"author":[{"embeddable":true,"href":"https:\/\/bien-statik.com\/wordpress\/index.php?rest_route=\/wp\/v2\/users\/1"}],"replies":[{"embeddable":true,"href":"https:\/\/bien-statik.com\/wordpress\/index.php?rest_route=%2Fwp%2Fv2%2Fcomments&post=65"}],"version-history":[{"count":21,"href":"https:\/\/bien-statik.com\/wordpress\/index.php?rest_route=\/wp\/v2\/pages\/65\/revisions"}],"predecessor-version":[{"id":845,"href":"https:\/\/bien-statik.com\/wordpress\/index.php?rest_route=\/wp\/v2\/pages\/65\/revisions\/845"}],"wp:attachment":[{"href":"https:\/\/bien-statik.com\/wordpress\/index.php?rest_route=%2Fwp%2Fv2%2Fmedia&parent=65"}],"curies":[{"name":"wp","href":"https:\/\/api.w.org\/{rel}","templated":true}]}}